{"id":27,"date":"2013-08-31T02:51:00","date_gmt":"2013-08-31T02:51:00","guid":{"rendered":"http:\/\/www.gonfra.com.mx\/online\/?page_id=27"},"modified":"2013-11-09T18:26:58","modified_gmt":"2013-11-09T18:26:58","slug":"servicios","status":"publish","type":"page","link":"https:\/\/www.gonfra.com.mx\/online\/servicios\/","title":{"rendered":"Servicios"},"content":{"rendered":"<p><a href=\"https:\/\/www.gonfra.com.mx\/online\/wp-content\/uploads\/2013\/08\/iconos.jpg\"><img loading=\"lazy\" decoding=\"async\" class=\"alignnone size-full wp-image-57\" alt=\"iconos\" src=\"https:\/\/www.gonfra.com.mx\/online\/wp-content\/uploads\/2013\/08\/iconos.jpg\" width=\"500\" height=\"62\" srcset=\"https:\/\/www.gonfra.com.mx\/online\/wp-content\/uploads\/2013\/08\/iconos.jpg 500w, https:\/\/www.gonfra.com.mx\/online\/wp-content\/uploads\/2013\/08\/iconos-300x37.jpg 300w\" sizes=\"auto, (max-width: 500px) 100vw, 500px\" \/><\/a><\/p>\n<p><strong>Nuestros principales servicios<\/strong><\/p>\n<p><a href=\"https:\/\/www.gonfra.com.mx\/online\/wp-content\/uploads\/2013\/08\/baner-servicios.jpg\"><img loading=\"lazy\" decoding=\"async\" class=\"size-full wp-image-192 alignleft\" style=\"margin-left: 20px; margin-right: 20px;\" alt=\"baner-servicios\" src=\"https:\/\/www.gonfra.com.mx\/online\/wp-content\/uploads\/2013\/08\/baner-servicios.jpg\" width=\"160\" height=\"429\" \/><\/a><\/p>\n<ul>\n<li style=\"text-align: justify;\">An\u00e1lisis de factibilidad de uso de suelo para infraestructura de las redes de telecomunicaciones<\/li>\n<li style=\"text-align: justify;\">Localizaci\u00f3n de inmuebles que cumplan con las caracter\u00edsticas que exige cada una de las empresas en el ramo de las telecomunicaciones.<\/li>\n<li style=\"text-align: justify;\">Estudio, revisi\u00f3n y an\u00e1lisis de documentaci\u00f3n de inmuebles, para efectos de operaciones de arrendamiento, compraventa o cualquier otra figura jur\u00eddica que requiera el cliente.<\/li>\n<li style=\"text-align: justify;\">Negociaci\u00f3n y cierre de contratos de arrendamiento, comodato, compra venta, entre otros.<\/li>\n<li style=\"text-align: justify;\">Renovaci\u00f3n, modificaci\u00f3n, cierre, ampliaci\u00f3n de contratos ya existentes.<\/li>\n<li style=\"text-align: justify;\">Cabildeo ante las autoridades en las diferentes esferas de gobierno para la obtenci\u00f3n de los permisos y licencias requeridas para cumplir con la legislaci\u00f3n aplicable en la materia.<\/li>\n<li style=\"text-align: justify;\">Factibilidad previa para instalaci\u00f3n de radio bases de acuerdo a la normatividad de la Direcci\u00f3n General de Aeron\u00e1utica Civil y ejecuci\u00f3n de tr\u00e1mites ante esta dependencia.<\/li>\n<li style=\"text-align: justify;\">Elaboraci\u00f3n de proyecto ejecutivo para tr\u00e1mites requeridos de infraestructura de telecomunicaciones.<\/li>\n<li style=\"text-align: justify;\">Estudios de impacto e imagen urbano y ecolog\u00eda Federales y Locales.<\/li>\n<li style=\"text-align: justify;\">Adicional a las licencias de construcci\u00f3n; tramitaci\u00f3n de licencias de funcionamiento, anuncios y otras relacionadas para la debida apertura de inmuebles.<\/li>\n<li style=\"text-align: justify;\">Gestor\u00eda para obtener los permisos de planta externa para la instalaci\u00f3n de fibra \u00f3ptica, tanto subterr\u00e1nea y a\u00e9rea, ante las autoridades de gobierno y\/o ante la Comisi\u00f3n Federal de Electricidad.<\/li>\n<li style=\"text-align: justify;\">Auditor\u00edas relacionadas con infraestructura de telecomunicaciones, as\u00ed como procesos de regularizaci\u00f3n y, en su caso, Due Dilligence.<\/li>\n<\/ul>\n<p><a href=\"https:\/\/www.gonfra.com.mx\/online\/wp-content\/uploads\/2013\/08\/servicios11.jpg\"><img loading=\"lazy\" decoding=\"async\" class=\"alignnone  wp-image-171\" alt=\"Laying Fiber Optic Cable\" src=\"https:\/\/www.gonfra.com.mx\/online\/wp-content\/uploads\/2013\/08\/servicios11.jpg\" width=\"560\" height=\"252\" srcset=\"https:\/\/www.gonfra.com.mx\/online\/wp-content\/uploads\/2013\/08\/servicios11.jpg 700w, https:\/\/www.gonfra.com.mx\/online\/wp-content\/uploads\/2013\/08\/servicios11-300x135.jpg 300w\" sizes=\"auto, (max-width: 560px) 100vw, 560px\" \/><\/a><\/p>\n<p>&nbsp;<\/p>\n<p>&nbsp;<\/p>\n","protected":false},"excerpt":{"rendered":"<p>Nuestros principales servicios An\u00e1lisis de factibilidad de uso de suelo para infraestructura de las redes de telecomunicaciones Localizaci\u00f3n de inmuebles que cumplan con las caracter\u00edsticas que exige cada una de las empresas en el ramo de las telecomunicaciones. Estudio, revisi\u00f3n y an\u00e1lisis de documentaci\u00f3n de inmuebles, para efectos de operaciones de arrendamiento, compraventa o cualquier [&hellip;]<\/p>\n","protected":false},"author":1,"featured_media":0,"parent":0,"menu_order":7,"comment_status":"closed","ping_status":"closed","template":"","meta":{"footnotes":"","_links_to":"","_links_to_target":""},"class_list":["post-27","page","type-page","status-publish","hentry"],"_links":{"self":[{"href":"https:\/\/www.gonfra.com.mx\/online\/wp-json\/wp\/v2\/pages\/27","targetHints":{"allow":["GET"]}}],"collection":[{"href":"https:\/\/www.gonfra.com.mx\/online\/wp-json\/wp\/v2\/pages"}],"about":[{"href":"https:\/\/www.gonfra.com.mx\/online\/wp-json\/wp\/v2\/types\/page"}],"author":[{"embeddable":true,"href":"https:\/\/www.gonfra.com.mx\/online\/wp-json\/wp\/v2\/users\/1"}],"replies":[{"embeddable":true,"href":"https:\/\/www.gonfra.com.mx\/online\/wp-json\/wp\/v2\/comments?post=27"}],"version-history":[{"count":6,"href":"https:\/\/www.gonfra.com.mx\/online\/wp-json\/wp\/v2\/pages\/27\/revisions"}],"predecessor-version":[{"id":281,"href":"https:\/\/www.gonfra.com.mx\/online\/wp-json\/wp\/v2\/pages\/27\/revisions\/281"}],"wp:attachment":[{"href":"https:\/\/www.gonfra.com.mx\/online\/wp-json\/wp\/v2\/media?parent=27"}],"curies":[{"name":"wp","href":"https:\/\/api.w.org\/{rel}","templated":true}]}}