{"id":25,"date":"2013-08-31T02:50:42","date_gmt":"2013-08-31T02:50:42","guid":{"rendered":"http:\/\/www.gonfra.com.mx\/online\/?page_id=25"},"modified":"2014-02-10T16:38:37","modified_gmt":"2014-02-10T16:38:37","slug":"quienes-somos","status":"publish","type":"page","link":"https:\/\/www.gonfra.com.mx\/online\/quienes-somos\/","title":{"rendered":"Qui\u00e9nes Somos"},"content":{"rendered":"<p><a href=\"https:\/\/www.gonfra.com.mx\/online\/wp-content\/uploads\/2013\/08\/Logo_gonfra.jpg\"><img loading=\"lazy\" decoding=\"async\" class=\"alignnone size-full wp-image-48\" alt=\"Logo_gonfra\" src=\"https:\/\/www.gonfra.com.mx\/online\/wp-content\/uploads\/2013\/08\/Logo_gonfra.jpg\" width=\"300\" height=\"92\" \/><\/a><\/p>\n<p><a href=\"https:\/\/www.gonfra.com.mx\/online\/wp-content\/uploads\/2013\/08\/nosotros-gon-fra.jpg\"><img loading=\"lazy\" decoding=\"async\" class=\"wp-image-189 alignleft\" alt=\"nosotros-gon-fra\" src=\"https:\/\/www.gonfra.com.mx\/online\/wp-content\/uploads\/2013\/08\/nosotros-gon-fra.jpg\" width=\"276\" height=\"350\" srcset=\"https:\/\/www.gonfra.com.mx\/online\/wp-content\/uploads\/2013\/08\/nosotros-gon-fra.jpg 394w, https:\/\/www.gonfra.com.mx\/online\/wp-content\/uploads\/2013\/08\/nosotros-gon-fra-236x300.jpg 236w\" sizes=\"auto, (max-width: 276px) 100vw, 276px\" \/><\/a><\/p>\n<p style=\"text-align: justify;\">GONFRA ASESORES INMOBILIARIOS, S.A. de C.V. (en adelante GONFRA), es una empresa de outsourcing fundada en agosto del 2007 por Luis Gonz\u00e1lez Franco, quien cuenta con amplia experiencia en el medio de las telecomunicaciones y en el ramo \u00a0inmobiliario.<\/p>\n<p style=\"text-align: justify;\">En su corta vida GONFRA ha logrado posicionarse como una de las empresas m\u00e1s confiables del mercado y con una amplia satisfacci\u00f3n de sus clientes, en distintas ramas del comercio e industria, siendo un especialista en el \u00e1rea de infraestructura de redes de telecomunicaci\u00f3n. GONFRA es consecuencia de otra empresa del Grupo denominada SATSA y que funciona desde el a\u00f1o 2000.<\/p>\n<p style=\"text-align: justify;\">El personal de GONFRA suma muchos a\u00f1os de experiencia, siendo que algunos de sus colaboradores son pioneros en la industria de las telecomunicaciones desde los a\u00f1os 90\u2019s, con la apertura a la iniciativa privada y la entrada a la competencia.<\/p>\n<p style=\"text-align: justify;\">Con pasos firmes se ha logrado un amplio crecimiento en el n\u00famero de trabajos inmobiliarios, legales, t\u00e9cnicos y administrativos realizados, as\u00ed como en la estructura de la empresa, logr\u00e1ndose consolidar como tal en un corto tiempo gracias a la experiencia de su equipo de trabajo, tanto de su fundador, como de las personas que se han incorporado, prueba de ello son los resultados obtenidos en el trabajo con empresas de gran importancia en el mercado como:<\/p>\n<table border=\"0\" cellspacing=\"2\" cellpadding=\"2\">\n<tbody>\n<tr align=\"center\" valign=\"middle\">\n<td><img loading=\"lazy\" decoding=\"async\" class=\"alignnone size-full wp-image-79\" alt=\"logo-alestra\" src=\"https:\/\/www.gonfra.com.mx\/online\/wp-content\/uploads\/2013\/08\/logo-alestra.jpg\" width=\"200\" height=\"67\" \/><\/td>\n<td><img loading=\"lazy\" decoding=\"async\" alt=\"\" src=\"https:\/\/www.gonfra.com.mx\/online\/wp-content\/uploads\/2013\/09\/ATC-logo.jpg\" width=\"200\" height=\"115\" \/><\/td>\n<\/tr>\n<tr align=\"center\" valign=\"middle\">\n<td><a href=\"https:\/\/www.gonfra.com.mx\/online\/wp-content\/uploads\/2013\/08\/logo-avantel.jpg\"><img loading=\"lazy\" decoding=\"async\" class=\"alignnone size-full wp-image-80\" alt=\"logo-avantel\" src=\"https:\/\/www.gonfra.com.mx\/online\/wp-content\/uploads\/2013\/08\/logo-avantel.jpg\" width=\"200\" height=\"70\" \/><\/a><\/td>\n<td><img loading=\"lazy\" decoding=\"async\" class=\"alignnone size-full wp-image-81\" alt=\"logo-axtel\" src=\"https:\/\/www.gonfra.com.mx\/online\/wp-content\/uploads\/2013\/08\/logo-axtel.jpg\" width=\"200\" height=\"92\" \/><\/td>\n<\/tr>\n<tr align=\"center\" valign=\"middle\">\n<td><img loading=\"lazy\" decoding=\"async\" alt=\"\" src=\"https:\/\/www.gonfra.com.mx\/online\/wp-content\/uploads\/2013\/09\/bestel-logo.jpg\" width=\"200\" height=\"94\" \/><\/td>\n<td><img loading=\"lazy\" decoding=\"async\" class=\"alignnone size-full wp-image-82\" alt=\"logo-cablevision\" src=\"https:\/\/www.gonfra.com.mx\/online\/wp-content\/uploads\/2013\/08\/logo-cablevision.jpg\" width=\"200\" height=\"53\" \/><\/td>\n<\/tr>\n<tr align=\"center\" valign=\"middle\">\n<td><img loading=\"lazy\" decoding=\"async\" alt=\"\" src=\"https:\/\/www.gonfra.com.mx\/online\/wp-content\/uploads\/2013\/09\/logo-ericsson.jpg\" width=\"200\" height=\"64\" \/><\/td>\n<td><img loading=\"lazy\" decoding=\"async\" class=\"alignnone size-full wp-image-83\" alt=\"logo-iusacel\" src=\"https:\/\/www.gonfra.com.mx\/online\/wp-content\/uploads\/2013\/08\/logo-iusacel.jpg\" width=\"200\" height=\"73\" \/><\/td>\n<\/tr>\n<tr align=\"center\" valign=\"middle\">\n<td><img loading=\"lazy\" decoding=\"async\" class=\"alignnone size-full wp-image-84\" alt=\"logo-maxcom\" src=\"https:\/\/www.gonfra.com.mx\/online\/wp-content\/uploads\/2013\/08\/logo-maxcom.jpg\" width=\"200\" height=\"110\" \/><\/td>\n<td><img loading=\"lazy\" decoding=\"async\" class=\"alignnone size-full wp-image-85\" alt=\"logo-metrored\" src=\"https:\/\/www.gonfra.com.mx\/online\/wp-content\/uploads\/2013\/08\/logo-metrored.jpg\" width=\"200\" height=\"68\" \/><\/td>\n<\/tr>\n<tr align=\"center\" valign=\"middle\">\n<td><img loading=\"lazy\" decoding=\"async\" class=\"alignnone size-full wp-image-86\" alt=\"logo-movistar\" src=\"https:\/\/www.gonfra.com.mx\/online\/wp-content\/uploads\/2013\/08\/logo-movistar.jpg\" width=\"200\" height=\"59\" \/><\/td>\n<td><img loading=\"lazy\" decoding=\"async\" class=\"alignnone size-full wp-image-87\" alt=\"logo-nextel\" src=\"https:\/\/www.gonfra.com.mx\/online\/wp-content\/uploads\/2013\/08\/logo-nextel.jpg\" width=\"200\" height=\"70\" \/><\/td>\n<\/tr>\n<tr align=\"center\" valign=\"middle\">\n<td><img loading=\"lazy\" decoding=\"async\" alt=\"\" src=\"https:\/\/www.gonfra.com.mx\/online\/wp-content\/uploads\/2013\/09\/logo-nokkia.jpg\" width=\"200\" height=\"76\" \/><\/td>\n<td><img loading=\"lazy\" decoding=\"async\" alt=\"\" src=\"https:\/\/www.gonfra.com.mx\/online\/wp-content\/uploads\/2013\/09\/logo_protel.jpg\" width=\"200\" height=\"75\" \/><\/td>\n<\/tr>\n<tr align=\"center\" valign=\"middle\">\n<td><img loading=\"lazy\" decoding=\"async\" class=\"alignnone size-full wp-image-88\" alt=\"logo-telcel\" src=\"https:\/\/www.gonfra.com.mx\/online\/wp-content\/uploads\/2013\/08\/logo-telcel.jpg\" width=\"200\" height=\"54\" \/><\/td>\n<td><img loading=\"lazy\" decoding=\"async\" alt=\"\" src=\"https:\/\/www.gonfra.com.mx\/online\/wp-content\/uploads\/2013\/09\/logo-vialux.jpg\" width=\"200\" height=\"124\" \/><\/td>\n<\/tr>\n<\/tbody>\n<\/table>\n","protected":false},"excerpt":{"rendered":"<p>GONFRA ASESORES INMOBILIARIOS, S.A. de C.V. (en adelante GONFRA), es una empresa de outsourcing fundada en agosto del 2007 por Luis Gonz\u00e1lez Franco, quien cuenta con amplia experiencia en el medio de las telecomunicaciones y en el ramo \u00a0inmobiliario. En su corta vida GONFRA ha logrado posicionarse como una de las empresas m\u00e1s confiables del [&hellip;]<\/p>\n","protected":false},"author":1,"featured_media":66,"parent":0,"menu_order":10,"comment_status":"closed","ping_status":"closed","template":"","meta":{"footnotes":"","_links_to":"","_links_to_target":""},"class_list":["post-25","page","type-page","status-publish","has-post-thumbnail","hentry"],"_links":{"self":[{"href":"https:\/\/www.gonfra.com.mx\/online\/wp-json\/wp\/v2\/pages\/25","targetHints":{"allow":["GET"]}}],"collection":[{"href":"https:\/\/www.gonfra.com.mx\/online\/wp-json\/wp\/v2\/pages"}],"about":[{"href":"https:\/\/www.gonfra.com.mx\/online\/wp-json\/wp\/v2\/types\/page"}],"author":[{"embeddable":true,"href":"https:\/\/www.gonfra.com.mx\/online\/wp-json\/wp\/v2\/users\/1"}],"replies":[{"embeddable":true,"href":"https:\/\/www.gonfra.com.mx\/online\/wp-json\/wp\/v2\/comments?post=25"}],"version-history":[{"count":7,"href":"https:\/\/www.gonfra.com.mx\/online\/wp-json\/wp\/v2\/pages\/25\/revisions"}],"predecessor-version":[{"id":299,"href":"https:\/\/www.gonfra.com.mx\/online\/wp-json\/wp\/v2\/pages\/25\/revisions\/299"}],"wp:featuredmedia":[{"embeddable":true,"href":"https:\/\/www.gonfra.com.mx\/online\/wp-json\/wp\/v2\/media\/66"}],"wp:attachment":[{"href":"https:\/\/www.gonfra.com.mx\/online\/wp-json\/wp\/v2\/media?parent=25"}],"curies":[{"name":"wp","href":"https:\/\/api.w.org\/{rel}","templated":true}]}}