{"id":227,"date":"2013-10-03T05:28:10","date_gmt":"2013-10-03T05:28:10","guid":{"rendered":"http:\/\/www.smasfiscales.com\/gon-fra\/?page_id=227"},"modified":"2013-11-09T17:24:29","modified_gmt":"2013-11-09T17:24:29","slug":"aviso-de-privacidad","status":"publish","type":"page","link":"https:\/\/www.gonfra.com.mx\/online\/aviso-de-privacidad\/","title":{"rendered":"Aviso de Privacidad"},"content":{"rendered":"<p><a href=\"https:\/\/www.gonfra.com.mx\/online\/wp-content\/uploads\/2013\/08\/logo-Gonfra.png\"><img loading=\"lazy\" decoding=\"async\" class=\"alignnone size-full wp-image-4\" alt=\"logo-Gonfra\" src=\"http:\/\/www.smasfiscales.com\/gon-fra\/wp-content\/uploads\/2013\/08\/logo-Gonfra.png\" width=\"303\" height=\"110\" srcset=\"https:\/\/www.gonfra.com.mx\/online\/wp-content\/uploads\/2013\/08\/logo-Gonfra.png 303w, https:\/\/www.gonfra.com.mx\/online\/wp-content\/uploads\/2013\/08\/logo-Gonfra-300x108.png 300w\" sizes=\"auto, (max-width: 303px) 100vw, 303px\" \/><\/a><\/p>\n<p style=\"text-align: justify;\"><span style=\"font-family: tahoma, arial, helvetica, sans-serif;\">Con fundamento en los art\u00edculos 15 y 16 de la Ley Federal de Protecci\u00f3n de Datos Personales en Posesi\u00f3n de Particulares hacemos de su conocimiento que GONFRA Asesores Inmobilairios, S.A. de C.V. (\u201cGONFRA\u201d), con domicilio en Insurgentes Sur 1673 Desp. 702, Colonia Guadalupe Inn, M\u00e9xico, D.F., 01020, es responsable de recabar datos personales, del uso que se le d\u00e9 a los mismos y de su protecci\u00f3n.<\/span><\/p>\n<p style=\"text-align: justify;\"><span style=\"font-family: tahoma, arial, helvetica, sans-serif;\">Su informaci\u00f3n personal ser\u00e1 utilizada para proveer y desarrollar nuestros servicios, as\u00ed como cualquier actividad relacionada; y, en general, para dar cumplimiento a obligaciones relacionadas con usted.<\/span><\/p>\n<p style=\"text-align: justify;\"><span style=\"font-family: tahoma, arial, helvetica, sans-serif;\">La confidencialidad de los datos est\u00e1 garantizada y los mismos est\u00e1n protegidos por medidas de seguridad administrativa, t\u00e9cnico y f\u00edsicas, para evitar da\u00f1o, perdida, alteraci\u00f3n, destrucci\u00f3n, uso, acceso o divulgaci\u00f3n indebida.<\/span><\/p>\n<p style=\"text-align: justify;\"><span style=\"font-family: tahoma, arial, helvetica, sans-serif;\">Con base en la Ley, los siguientes datos son considerados sensibles, origen racial o \u00e9tnico, padecimientos de salud entre otros.<\/span><\/p>\n<p style=\"text-align: justify;\"><span style=\"font-family: tahoma, arial, helvetica, sans-serif;\">Es importante informarle que usted tiene derecho al acceso, rectificaci\u00f3n y cancelaci\u00f3n de sus datos personales, a oponerse al tratamiento de los mismos o a revocar su consentimiento. Para ello, es necesario que env\u00ede la solicitud en los t\u00e9rminos que marca la Ley en su Art. 29 a Ra\u00fal Joaqu\u00edn Gonz\u00e1lez Franco Godoy, consultor externo de GONFRA a cargo de nuestra \u00e1rea de Protecci\u00f3n de Datos Personales, ubicado en el domicilio antes indicado.<\/span><\/p>\n<p style=\"text-align: justify;\"><span style=\"font-family: tahoma, arial, helvetica, sans-serif;\">En este sentido su informaci\u00f3n podr\u00e1 ser compartida con las personas que a continuaci\u00f3n se mencionan: notarios, peritos, autoridades, etc.<\/span><\/p>\n<p style=\"text-align: justify;\"><span style=\"font-family: tahoma, arial, helvetica, sans-serif;\">En caso de que no obtengamos su oposici\u00f3n expresa para que sus datos personales sean transferidos en la forma y t\u00e9rminos antes descrita, entenderemos que ha otorgado su consentimiento en forma t\u00e1cita para ello.<\/span><\/p>\n<p style=\"text-align: justify;\"><span style=\"font-family: tahoma, arial, helvetica, sans-serif;\">Importante: Cualquier modificaci\u00f3n a este Aviso de Privacidad podr\u00e1 consultarlo enhttp:\/\/www.gonfra.com.mx<\/span><\/p>\n<p style=\"text-align: justify;\"><span style=\"font-family: tahoma, arial, helvetica, sans-serif;\">Fecha de \u00faltima actualizaci\u00f3n: 29\/09\/2013 | Protecci\u00f3n de Datos Personales<\/span><\/p>\n","protected":false},"excerpt":{"rendered":"<p>Con fundamento en los art\u00edculos 15 y 16 de la Ley Federal de Protecci\u00f3n de Datos Personales en Posesi\u00f3n de Particulares hacemos de su conocimiento que GONFRA Asesores Inmobilairios, S.A. de C.V. (\u201cGONFRA\u201d), con domicilio en Insurgentes Sur 1673 Desp. 702, Colonia Guadalupe Inn, M\u00e9xico, D.F., 01020, es responsable de recabar datos personales, del uso [&hellip;]<\/p>\n","protected":false},"author":1,"featured_media":0,"parent":0,"menu_order":1,"comment_status":"closed","ping_status":"closed","template":"","meta":{"footnotes":"","_links_to":"","_links_to_target":""},"class_list":["post-227","page","type-page","status-publish","hentry"],"_links":{"self":[{"href":"https:\/\/www.gonfra.com.mx\/online\/wp-json\/wp\/v2\/pages\/227","targetHints":{"allow":["GET"]}}],"collection":[{"href":"https:\/\/www.gonfra.com.mx\/online\/wp-json\/wp\/v2\/pages"}],"about":[{"href":"https:\/\/www.gonfra.com.mx\/online\/wp-json\/wp\/v2\/types\/page"}],"author":[{"embeddable":true,"href":"https:\/\/www.gonfra.com.mx\/online\/wp-json\/wp\/v2\/users\/1"}],"replies":[{"embeddable":true,"href":"https:\/\/www.gonfra.com.mx\/online\/wp-json\/wp\/v2\/comments?post=227"}],"version-history":[{"count":3,"href":"https:\/\/www.gonfra.com.mx\/online\/wp-json\/wp\/v2\/pages\/227\/revisions"}],"predecessor-version":[{"id":264,"href":"https:\/\/www.gonfra.com.mx\/online\/wp-json\/wp\/v2\/pages\/227\/revisions\/264"}],"wp:attachment":[{"href":"https:\/\/www.gonfra.com.mx\/online\/wp-json\/wp\/v2\/media?parent=227"}],"curies":[{"name":"wp","href":"https:\/\/api.w.org\/{rel}","templated":true}]}}