{"id":137,"date":"2013-09-10T04:03:12","date_gmt":"2013-09-10T04:03:12","guid":{"rendered":"http:\/\/www.smasfiscales.com\/gon-fra\/?page_id=137"},"modified":"2013-11-09T17:37:18","modified_gmt":"2013-11-09T17:37:18","slug":"2008-alestra","status":"publish","type":"page","link":"https:\/\/www.gonfra.com.mx\/online\/2008-alestra\/","title":{"rendered":"2008- Alestra"},"content":{"rendered":"<p style=\"text-align: justify;\">La empresa Alestra a quien le hemos trabajado de manera continua por m\u00e1s de 12 a\u00f1os, ten\u00eda un reto muy especial: regularizar los permisos y licencias de sus sitios en toda la Rep\u00fablica Mexicana para lo cual contrat\u00f3 a GONFRA y muy en especial uno denominado \u00abMinipop Coyoac\u00e1n\u00bb en la ciudad de M\u00e9xico, mismo que hab\u00eda sido requerido y notificado por las autoridades y estaban en riesgo de clausura.<\/p>\n<p><a href=\"https:\/\/www.gonfra.com.mx\/online\/wp-content\/uploads\/2013\/09\/alestra-banner.jpg\"><img loading=\"lazy\" decoding=\"async\" class=\"alignnone size-full wp-image-138\" alt=\"alestra-banner\" src=\"https:\/\/www.gonfra.com.mx\/onlinea\/wp-content\/uploads\/2013\/09\/alestra-banner.jpg\" width=\"470\" height=\"320\" srcset=\"https:\/\/www.gonfra.com.mx\/online\/wp-content\/uploads\/2013\/09\/alestra-banner.jpg 470w, https:\/\/www.gonfra.com.mx\/online\/wp-content\/uploads\/2013\/09\/alestra-banner-300x204.jpg 300w\" sizes=\"auto, (max-width: 470px) 100vw, 470px\" \/><\/a><\/p>\n<p style=\"text-align: justify;\">Esta tarea en particular le fue encomendada a varios proveedores, sin embargo nadie dio resultados, hasta que despu\u00e9s de un a\u00f1o decidieron darnos ese trabajo aprovechando que GONFRA estaba terminando el proyecto de Alestra sobre premisos.<\/p>\n<p style=\"text-align: justify;\">Al principio cuando tomamos el caso, decidimos que era cuesti\u00f3n de tiempo, paciencia y mucho estudio, as\u00ed que nos dimos a la tarea de ir a las instancias gubernamentales correspondientes e iniciar los tr\u00e1mites, recabar informaci\u00f3n con el cliente, ir con nuestros contactos, entre otras cosas. Antes de los 10 meses pudimos cerrar el caso y obtuvimos todos los permisos incluyendo lo m\u00e1s importante, la licencia de construcci\u00f3n de obra ejecutada por parte de la Delegaci\u00f3n Coyoac\u00e1n en la Ciudad de M\u00e9xico.<\/p>\n","protected":false},"excerpt":{"rendered":"<p>La empresa Alestra a quien le hemos trabajado de manera continua por m\u00e1s de 12 a\u00f1os, ten\u00eda un reto muy especial: regularizar los permisos y licencias de sus sitios en toda la Rep\u00fablica Mexicana para lo cual contrat\u00f3 a GONFRA y muy en especial uno denominado \u00abMinipop Coyoac\u00e1n\u00bb en la ciudad de M\u00e9xico, mismo que [&hellip;]<\/p>\n","protected":false},"author":1,"featured_media":0,"parent":0,"menu_order":3,"comment_status":"closed","ping_status":"closed","template":"","meta":{"footnotes":"","_links_to":"","_links_to_target":""},"class_list":["post-137","page","type-page","status-publish","hentry"],"_links":{"self":[{"href":"https:\/\/www.gonfra.com.mx\/online\/wp-json\/wp\/v2\/pages\/137","targetHints":{"allow":["GET"]}}],"collection":[{"href":"https:\/\/www.gonfra.com.mx\/online\/wp-json\/wp\/v2\/pages"}],"about":[{"href":"https:\/\/www.gonfra.com.mx\/online\/wp-json\/wp\/v2\/types\/page"}],"author":[{"embeddable":true,"href":"https:\/\/www.gonfra.com.mx\/online\/wp-json\/wp\/v2\/users\/1"}],"replies":[{"embeddable":true,"href":"https:\/\/www.gonfra.com.mx\/online\/wp-json\/wp\/v2\/comments?post=137"}],"version-history":[{"count":3,"href":"https:\/\/www.gonfra.com.mx\/online\/wp-json\/wp\/v2\/pages\/137\/revisions"}],"predecessor-version":[{"id":267,"href":"https:\/\/www.gonfra.com.mx\/online\/wp-json\/wp\/v2\/pages\/137\/revisions\/267"}],"wp:attachment":[{"href":"https:\/\/www.gonfra.com.mx\/online\/wp-json\/wp\/v2\/media?parent=137"}],"curies":[{"name":"wp","href":"https:\/\/api.w.org\/{rel}","templated":true}]}}